late the remainder when 226 is divided by 55.
6
Calculate the remainder when 30 is divided by 24.
6
Calculate the remainder when 671 is divided by 15.
11
Calculate the remainder when 149 is divided by 48.
5
What is the remainder when 13751 is divided by 21?
17
Calculate the remainder when 1236 is divided by 49.
11
What is the remainder when 1745 is divided by 66?
29
What is the remainder when 99 is divided by 34?
31
Calculate the remainder when 436 is divided by 92.
68
Calculate the remainder when 166 is divided by 47.
25
What is the remainder when 490 is divided by 192?
106
Calculate the remainder when 129 is divided by 34.
27
Calculate the remainder when 534 is divided by 132.
6
What is the remainder when 336 is divided by 17?
13
Calculate the remainder when 35638 is divided by 220.
218
What is the remainder when 706 is divided by 63?
13
Calculate the remainder when 235 is divided by 62.
49
What is the remainder when 76 is divided by 64?
12
What is the remainder when 24966 is divided by 123?
120
What is the remainder when 116 is divided by 37?
5
What is the remainder when 9 is divided by 8?
1
What is the remainder when 21642 is divided by 13?
10
Calculate the remainder when 1008 is divided by 23.
19
What is the remainder when 586 is divided by 277?
32
What is the remainder when 27 is divided by 3?
0
Calculate the remainder when 124 is divided by 97.
27
What is the remainder when 306 is divided by 62?
58
Calculate the remainder when 157 is divided by 84.
73
Calculate the remainder when 2089 is divided by 190.
189
What is the remainder when 112 is divided by 18?
4
Calculate the remainder when 1217 is divided by 23.
21
Calculate the remainder when 339 is divided by 70.
59
Calculate the remainder when 3257 is divided by 10.
7
Calculate the remainder when 94 is divided by 21.
10
What is the remainder when 375 is divided by 54?
51
Calculate the remainder when 455 is divided by 6.
5
What is the remainder when 1668 is divided by 65?
43
Calculate the remainder when 373 is divided by 89.
17
Calculate the remainder when 786 is divided by 350.
86
What is the remainder when 23029 is divided by 329?
328
Calculate the remainder when 103 is divided by 39.
25
What is the remainder when 448 is divided by 153?
142
Calculate the remainder when 56 is divided by 47.
9
Calculate the remainder when 586 is divided by 18.
10
Calculate the remainder when 33 is divided by 20.
13
Calculate the remainder when 67 is divided by 4.
3
What is the remainder when 145 is divided by 69?
7
Calculate the remainder when 768 is divided by 7.
5
Calculate the remainder when 3024 is divided by 3016.
8
What is the remainder when 824 is divided by 9?
5
What is the remainder when 2258 is divided by 227?
215
Calculate the remainder when 76 is divided by 12.
4
Calculate the remainder when 170 is divided by 25.
20
Calculate the remainder when 2021 is divided by 14.
5
What is the remainder when 559 is divided by 83?
61
What is the remainder when 931 is divided by 39?
34
Calculate the remainder when 1713 is divided by 44.
41
What is the remainder when 112 is divided by 9?
4
Calculate the remainder when 9 is divided by 6.
3
Calculate the remainder when 170 is divided by 19.
18
What is the remainder when 916 is divided by 6?
4
Calculate the remainder when 1075 is divided by 98.
95
What is the remainder when 311 is divided by 79?
74
Calculate the remainder when 235 is divided by 17.
14
What is the remainder when 2763 is divided by 154?
145
Calculate the remainder when 397 is divided by 146.
105
What is the remainder when 445 is divided by 211?
23
Calculate the remainder when 5494 is divided by 125.
119
Calculate the remainder when 1159 is divided by 83.
80
Calculate the remainder when 9943 is divided by 13.
11
Calculate the remainder when 1659 is divided by 277.
274
What is the remainder when 206 is divided by 51?
2
What is the remainder when 3260 is divided by 95?
30
Calculate the remainder when 59 is divided by 35.
24
Calculate the remainder when 341 is divided by 7.
5
What is the remainder when 351 is divided by 104?
39
What is the remainder when 9298 is divided by 8?
2
Calculate the remainder when 256 is divided by 38.
28
What is the remainder when 437 is divided by 13?
8
Calculate the remainder when 74410 is divided by 156.
154
What is the remainder when 400 is divided by 128?
16
What is the remainder when 2140 is divided by 355?
10
What is the remainder when 1934 is divided by 167?
97
What is the remainder when 845 is divided by 182?
117
What is the remainder when 1542 is divided by 259?
247
What is the remainder when 117 is divided by 72?
45
Calculate the remainder when 121 is divided by 118.
3
What is the remainder when 869 is divided by 426?
17
What is the remainder when 1273 is divided by 159?
1
What is the remainder when 85 is divided by 15?
10
What is the remainder when 218 is divided by 13?
10
What is the remainder when 20 is divided by 3?
2
What is the remainder when 424 is divided by 86?
80
Calculate the remainder when 4693 is divided by 43.
6
What is the remainder when 3374 is divided by 8?
6
What is the remainder when 98 is divided by 37?
24
Calculate the remainder when 216 is divided by 37.
31
Calculate the remainder when 323 is divided by 12.
11
Calculate the remainder when 3460 is divided by 42.
16
What is the remainder when 91 is divided by 31?
29
What is the remainder when 1215 is divided by 64?
63
Calculate the remainder when 115 is divided by 15.
10
Calculate the remainder when 804 is divided by 44.
12
What is the remainder when 13373 is divided by 17?
11
What is the remainder when 50 is divided by 10?
0
What is the remainder when 2786 is divided by 75?
11
Calculate the remainder when 976 is divided by 89.
86
What is the remainder when 3451 is divided by 144?
139
What is the remainder when 121 is divided by 87?
34
What is the remainder when 2488 is divided by 195?
148
Calculate the remainder when 552 is divided by 15.
12
Calculate the remainder when 32 is divided by 7.
4
Calculate the remainder when 32 is divided by 19.
13
What is the remainder when 655 is divided by 167?
154
Calculate the remainder when 104 is divided by 34.
2
Calculate the remainder when 1140 is divided by 12.
0
What is the remainder when 681 is divided by 6?
3
What is the remainder when 1136 is divided by 190?
186
Calculate the remainder when 2714 is divided by 143.
140
Calculate the remainder when 882 is divided by 247.
141
Calculate the remainder when 3353 is divided by 73.
68
Calculate the remainder when 37 is divided by 31.
6
What is the remainder when 182 is divided by 20?
2
Calculate the remainder when 44 is divided by 14.
2
What is the remainder when 1427 is divided by 22?
19
Calculate the remainder when 1712 is divided by 490.
242
Calculate the remainder when 343 is divided by 46.
21
Calculate the remainder when 825 is divided by 13.
6
Calculate the remainder when 309 is divided by 122.
65
What is the remainder when 718 is divided by 80?
78
Calculate the remainder when 90 is divided by 88.
2
Calculate the remainder when 98 is divided by 11.
10
Calculate the remainder when 20 is divided by 7.
6
What is the remainder when 1653 is divided by 24?
21
Calculate the remainder when 287 is divided by 29.
26
What is the remainder when 6230 is divided by 201?
200
What is the remainder when 99 is divided by 72?
27
Calculate the remainder when 896 is divided by 181.
172
What is the remainder when 135 is divided by 33?
3
What is the remainder when 47 is divided by 6?
5
Calculate the remainder when 1268 is divided by 278.
156
Calculate the remainder when 230 is divided by 184.
46
Calculate the remainder when 141 is divided by 57.
27
What is the remainder when 1007 is divided by 262?
221
What is the remainder when 274 is divided by 8?
2
Calculate the remainder when 82 is divided by 58.
24
Calculate the remainder when 216 is divided by 42.
6
Calculate the remainder when 264 is divided by 19.
17
What is the remainder when 462 is divided by 138?
48
Calculate the remainder when 376 is divided by 63.
61
Calculate the remainder when 2769 is divided by 1378.
13
What is the remainder when 219 is divided by 69?
12
What is the remainder when 1186 is divided by 33?
31
What is the remainder when 199 is divided by 107?